{"id":448,"date":"2022-10-20T11:41:27","date_gmt":"2022-10-20T09:41:27","guid":{"rendered":"https:\/\/www.konradoberhofer.com\/?post_type=wine&#038;p=448"},"modified":"2022-10-20T11:43:59","modified_gmt":"2022-10-20T09:43:59","slug":"sauvignon","status":"publish","type":"wine","link":"https:\/\/www.konradoberhofer.com\/de\/wine\/sauvignon\/","title":{"rendered":"Sauvignon"},"content":{"rendered":"<p>In der Farbe blassgelb mit leicht gr\u00fcnlichen Reflexen. Dieser Sauvignon pr\u00e4sentiert sich mit Aromen von Stachelbeeren und Cassis, mit einem Hauch von Holunderbl\u00fcte, Brennessel und Feuerstein. Die fruchtigen und blumigen Aromen entfalten sich am Gaumen und harmonieren mit dem frischen Charakter und der ausgewogenen S\u00e4ure dieses Sauvignons.<\/p>\n","protected":false},"featured_media":466,"parent":0,"template":"","class_list":["post-448","wine","type-wine","status-publish","has-post-thumbnail","hentry"],"acf":[],"yoast_head":"<!-- This site is optimized with the Yoast SEO plugin v26.9 - https:\/\/yoast.com\/product\/yoast-seo-wordpress\/ -->\n<title>Sauvignon - Konrad Oberhofer<\/title>\n<meta name=\"robots\" content=\"index, follow, max-snippet:-1, max-image-preview:large, max-video-preview:-1\" \/>\n<link rel=\"canonical\" href=\"https:\/\/www.konradoberhofer.com\/de\/wine\/sauvignon\/\" \/>\n<meta property=\"og:locale\" content=\"de_DE\" \/>\n<meta property=\"og:type\" content=\"article\" \/>\n<meta property=\"og:title\" content=\"Sauvignon - Konrad Oberhofer\" \/>\n<meta property=\"og:description\" content=\"In der Farbe blassgelb mit leicht gr\u00fcnlichen Reflexen. Dieser Sauvignon pr\u00e4sentiert sich mit Aromen von Stachelbeeren und Cassis, mit einem Hauch von Holunderbl\u00fcte, Brennessel und Feuerstein. Die fruchtigen und blumigen Aromen entfalten sich am Gaumen und harmonieren mit dem frischen Charakter und der ausgewogenen S\u00e4ure dieses Sauvignons.\" \/>\n<meta property=\"og:url\" content=\"https:\/\/www.konradoberhofer.com\/de\/wine\/sauvignon\/\" \/>\n<meta property=\"og:site_name\" content=\"Konrad Oberhofer\" \/>\n<meta property=\"article:modified_time\" content=\"2022-10-20T09:43:59+00:00\" \/>\n<meta property=\"og:image\" content=\"https:\/\/www.konradoberhofer.com\/wp-content\/uploads\/2022\/10\/sauvignon.png\" \/>\n\t<meta property=\"og:image:width\" content=\"782\" \/>\n\t<meta property=\"og:image:height\" content=\"2765\" \/>\n\t<meta property=\"og:image:type\" content=\"image\/png\" \/>\n<meta name=\"twitter:card\" content=\"summary_large_image\" \/>\n<meta name=\"twitter:label1\" content=\"Gesch\u00e4tzte Lesezeit\" \/>\n\t<meta name=\"twitter:data1\" content=\"1\u00a0Minute\" \/>\n<script type=\"application\/ld+json\" class=\"yoast-schema-graph\">{\"@context\":\"https:\/\/schema.org\",\"@graph\":[{\"@type\":\"WebPage\",\"@id\":\"https:\/\/www.konradoberhofer.com\/de\/wine\/sauvignon\/\",\"url\":\"https:\/\/www.konradoberhofer.com\/de\/wine\/sauvignon\/\",\"name\":\"Sauvignon - Konrad Oberhofer\",\"isPartOf\":{\"@id\":\"https:\/\/www.konradoberhofer.com\/de\/#website\"},\"primaryImageOfPage\":{\"@id\":\"https:\/\/www.konradoberhofer.com\/de\/wine\/sauvignon\/#primaryimage\"},\"image\":{\"@id\":\"https:\/\/www.konradoberhofer.com\/de\/wine\/sauvignon\/#primaryimage\"},\"thumbnailUrl\":\"https:\/\/www.konradoberhofer.com\/wp-content\/uploads\/2022\/10\/sauvignon.png\",\"datePublished\":\"2022-10-20T09:41:27+00:00\",\"dateModified\":\"2022-10-20T09:43:59+00:00\",\"breadcrumb\":{\"@id\":\"https:\/\/www.konradoberhofer.com\/de\/wine\/sauvignon\/#breadcrumb\"},\"inLanguage\":\"de\",\"potentialAction\":[{\"@type\":\"ReadAction\",\"target\":[\"https:\/\/www.konradoberhofer.com\/de\/wine\/sauvignon\/\"]}]},{\"@type\":\"ImageObject\",\"inLanguage\":\"de\",\"@id\":\"https:\/\/www.konradoberhofer.com\/de\/wine\/sauvignon\/#primaryimage\",\"url\":\"https:\/\/www.konradoberhofer.com\/wp-content\/uploads\/2022\/10\/sauvignon.png\",\"contentUrl\":\"https:\/\/www.konradoberhofer.com\/wp-content\/uploads\/2022\/10\/sauvignon.png\",\"width\":782,\"height\":2765},{\"@type\":\"BreadcrumbList\",\"@id\":\"https:\/\/www.konradoberhofer.com\/de\/wine\/sauvignon\/#breadcrumb\",\"itemListElement\":[{\"@type\":\"ListItem\",\"position\":1,\"name\":\"Wines\",\"item\":\"https:\/\/www.konradoberhofer.com\/de\/wines\/\"},{\"@type\":\"ListItem\",\"position\":2,\"name\":\"Sauvignon\"}]},{\"@type\":\"WebSite\",\"@id\":\"https:\/\/www.konradoberhofer.com\/de\/#website\",\"url\":\"https:\/\/www.konradoberhofer.com\/de\/\",\"name\":\"Konrad Oberhofer\",\"description\":\"\",\"publisher\":{\"@id\":\"https:\/\/www.konradoberhofer.com\/de\/#organization\"},\"potentialAction\":[{\"@type\":\"SearchAction\",\"target\":{\"@type\":\"EntryPoint\",\"urlTemplate\":\"https:\/\/www.konradoberhofer.com\/de\/?s={search_term_string}\"},\"query-input\":{\"@type\":\"PropertyValueSpecification\",\"valueRequired\":true,\"valueName\":\"search_term_string\"}}],\"inLanguage\":\"de\"},{\"@type\":\"Organization\",\"@id\":\"https:\/\/www.konradoberhofer.com\/de\/#organization\",\"name\":\"Konrad Oberhofer\",\"url\":\"https:\/\/www.konradoberhofer.com\/de\/\",\"logo\":{\"@type\":\"ImageObject\",\"inLanguage\":\"de\",\"@id\":\"https:\/\/www.konradoberhofer.com\/de\/#\/schema\/logo\/image\/\",\"url\":\"https:\/\/www.konradoberhofer.com\/wp-content\/uploads\/2021\/05\/home-section-1.png\",\"contentUrl\":\"https:\/\/www.konradoberhofer.com\/wp-content\/uploads\/2021\/05\/home-section-1.png\",\"width\":1920,\"height\":1000,\"caption\":\"Konrad Oberhofer\"},\"image\":{\"@id\":\"https:\/\/www.konradoberhofer.com\/de\/#\/schema\/logo\/image\/\"}}]}<\/script>\n<!-- \/ Yoast SEO plugin. -->","yoast_head_json":{"title":"Sauvignon - Konrad Oberhofer","robots":{"index":"index","follow":"follow","max-snippet":"max-snippet:-1","max-image-preview":"max-image-preview:large","max-video-preview":"max-video-preview:-1"},"canonical":"https:\/\/www.konradoberhofer.com\/de\/wine\/sauvignon\/","og_locale":"de_DE","og_type":"article","og_title":"Sauvignon - Konrad Oberhofer","og_description":"In der Farbe blassgelb mit leicht gr\u00fcnlichen Reflexen. Dieser Sauvignon pr\u00e4sentiert sich mit Aromen von Stachelbeeren und Cassis, mit einem Hauch von Holunderbl\u00fcte, Brennessel und Feuerstein. Die fruchtigen und blumigen Aromen entfalten sich am Gaumen und harmonieren mit dem frischen Charakter und der ausgewogenen S\u00e4ure dieses Sauvignons.","og_url":"https:\/\/www.konradoberhofer.com\/de\/wine\/sauvignon\/","og_site_name":"Konrad Oberhofer","article_modified_time":"2022-10-20T09:43:59+00:00","og_image":[{"width":782,"height":2765,"url":"https:\/\/www.konradoberhofer.com\/wp-content\/uploads\/2022\/10\/sauvignon.png","type":"image\/png"}],"twitter_card":"summary_large_image","twitter_misc":{"Gesch\u00e4tzte Lesezeit":"1\u00a0Minute"},"schema":{"@context":"https:\/\/schema.org","@graph":[{"@type":"WebPage","@id":"https:\/\/www.konradoberhofer.com\/de\/wine\/sauvignon\/","url":"https:\/\/www.konradoberhofer.com\/de\/wine\/sauvignon\/","name":"Sauvignon - Konrad Oberhofer","isPartOf":{"@id":"https:\/\/www.konradoberhofer.com\/de\/#website"},"primaryImageOfPage":{"@id":"https:\/\/www.konradoberhofer.com\/de\/wine\/sauvignon\/#primaryimage"},"image":{"@id":"https:\/\/www.konradoberhofer.com\/de\/wine\/sauvignon\/#primaryimage"},"thumbnailUrl":"https:\/\/www.konradoberhofer.com\/wp-content\/uploads\/2022\/10\/sauvignon.png","datePublished":"2022-10-20T09:41:27+00:00","dateModified":"2022-10-20T09:43:59+00:00","breadcrumb":{"@id":"https:\/\/www.konradoberhofer.com\/de\/wine\/sauvignon\/#breadcrumb"},"inLanguage":"de","potentialAction":[{"@type":"ReadAction","target":["https:\/\/www.konradoberhofer.com\/de\/wine\/sauvignon\/"]}]},{"@type":"ImageObject","inLanguage":"de","@id":"https:\/\/www.konradoberhofer.com\/de\/wine\/sauvignon\/#primaryimage","url":"https:\/\/www.konradoberhofer.com\/wp-content\/uploads\/2022\/10\/sauvignon.png","contentUrl":"https:\/\/www.konradoberhofer.com\/wp-content\/uploads\/2022\/10\/sauvignon.png","width":782,"height":2765},{"@type":"BreadcrumbList","@id":"https:\/\/www.konradoberhofer.com\/de\/wine\/sauvignon\/#breadcrumb","itemListElement":[{"@type":"ListItem","position":1,"name":"Wines","item":"https:\/\/www.konradoberhofer.com\/de\/wines\/"},{"@type":"ListItem","position":2,"name":"Sauvignon"}]},{"@type":"WebSite","@id":"https:\/\/www.konradoberhofer.com\/de\/#website","url":"https:\/\/www.konradoberhofer.com\/de\/","name":"Konrad Oberhofer","description":"","publisher":{"@id":"https:\/\/www.konradoberhofer.com\/de\/#organization"},"potentialAction":[{"@type":"SearchAction","target":{"@type":"EntryPoint","urlTemplate":"https:\/\/www.konradoberhofer.com\/de\/?s={search_term_string}"},"query-input":{"@type":"PropertyValueSpecification","valueRequired":true,"valueName":"search_term_string"}}],"inLanguage":"de"},{"@type":"Organization","@id":"https:\/\/www.konradoberhofer.com\/de\/#organization","name":"Konrad Oberhofer","url":"https:\/\/www.konradoberhofer.com\/de\/","logo":{"@type":"ImageObject","inLanguage":"de","@id":"https:\/\/www.konradoberhofer.com\/de\/#\/schema\/logo\/image\/","url":"https:\/\/www.konradoberhofer.com\/wp-content\/uploads\/2021\/05\/home-section-1.png","contentUrl":"https:\/\/www.konradoberhofer.com\/wp-content\/uploads\/2021\/05\/home-section-1.png","width":1920,"height":1000,"caption":"Konrad Oberhofer"},"image":{"@id":"https:\/\/www.konradoberhofer.com\/de\/#\/schema\/logo\/image\/"}}]}},"_links":{"self":[{"href":"https:\/\/www.konradoberhofer.com\/de\/wp-json\/wp\/v2\/wine\/448","targetHints":{"allow":["GET"]}}],"collection":[{"href":"https:\/\/www.konradoberhofer.com\/de\/wp-json\/wp\/v2\/wine"}],"about":[{"href":"https:\/\/www.konradoberhofer.com\/de\/wp-json\/wp\/v2\/types\/wine"}],"wp:featuredmedia":[{"embeddable":true,"href":"https:\/\/www.konradoberhofer.com\/de\/wp-json\/wp\/v2\/media\/466"}],"wp:attachment":[{"href":"https:\/\/www.konradoberhofer.com\/de\/wp-json\/wp\/v2\/media?parent=448"}],"curies":[{"name":"wp","href":"https:\/\/api.w.org\/{rel}","templated":true}]}}

<p>In der Farbe blassgelb mit leicht grünlichen Reflexen. Dieser Sauvignon präsentiert sich mit Aromen von Stachelbeeren und Cassis, mit einem Hauch von Holunderblüte, Brennessel und Feuerstein. Die fruchtigen und blumigen Aromen entfalten sich am Gaumen und harmonieren mit dem frischen Charakter und der ausgewogenen Säure dieses Sauvignons.</p>

<!-- This site is optimized with the Yoast SEO plugin v26.9 - https://yoast.com/product/yoast-seo-wordpress/ -->
<title>Sauvignon - Konrad Oberhofer</title>
<meta name="robots" content="index, follow, max-snippet:-1, max-image-preview:large, max-video-preview:-1" />
<link rel="canonical" href="https://www.konradoberhofer.com/de/wine/sauvignon/" />
<meta property="og:locale" content="de_DE" />
<meta property="og:type" content="article" />
<meta property="og:title" content="Sauvignon - Konrad Oberhofer" />
<meta property="og:description" content="In der Farbe blassgelb mit leicht grünlichen Reflexen. Dieser Sauvignon präsentiert sich mit Aromen von Stachelbeeren und Cassis, mit einem Hauch von Holunderblüte, Brennessel und Feuerstein. Die fruchtigen und blumigen Aromen entfalten sich am Gaumen und harmonieren mit dem frischen Charakter und der ausgewogenen Säure dieses Sauvignons." />
<meta property="og:url" content="https://www.konradoberhofer.com/de/wine/sauvignon/" />
<meta property="og:site_name" content="Konrad Oberhofer" />
<meta property="article:modified_time" content="2022-10-20T09:43:59+00:00" />
<meta property="og:image" content="https://www.konradoberhofer.com/wp-content/uploads/2022/10/sauvignon.png" />
	<meta property="og:image:width" content="782" />
	<meta property="og:image:height" content="2765" />
	<meta property="og:image:type" content="image/png" />
<meta name="twitter:card" content="summary_large_image" />
<meta name="twitter:label1" content="Geschätzte Lesezeit" />
	<meta name="twitter:data1" content="1 Minute" />
<script type="application/ld+json" class="yoast-schema-graph">{"@context":"https://schema.org","@graph":[{"@type":"WebPage","@id":"https://www.konradoberhofer.com/de/wine/sauvignon/","url":"https://www.konradoberhofer.com/de/wine/sauvignon/","name":"Sauvignon - Konrad Oberhofer","isPartOf":{"@id":"https://www.konradoberhofer.com/de/#website"},"primaryImageOfPage":{"@id":"https://www.konradoberhofer.com/de/wine/sauvignon/#primaryimage"},"image":{"@id":"https://www.konradoberhofer.com/de/wine/sauvignon/#primaryimage"},"thumbnailUrl":"https://www.konradoberhofer.com/wp-content/uploads/2022/10/sauvignon.png","datePublished":"2022-10-20T09:41:27+00:00","dateModified":"2022-10-20T09:43:59+00:00","breadcrumb":{"@id":"https://www.konradoberhofer.com/de/wine/sauvignon/#breadcrumb"},"inLanguage":"de","potentialAction":[{"@type":"ReadAction","target":["https://www.konradoberhofer.com/de/wine/sauvignon/"]}]},{"@type":"ImageObject","inLanguage":"de","@id":"https://www.konradoberhofer.com/de/wine/sauvignon/#primaryimage","url":"https://www.konradoberhofer.com/wp-content/uploads/2022/10/sauvignon.png","contentUrl":"https://www.konradoberhofer.com/wp-content/uploads/2022/10/sauvignon.png","width":782,"height":2765},{"@type":"BreadcrumbList","@id":"https://www.konradoberhofer.com/de/wine/sauvignon/#breadcrumb","itemListElement":[{"@type":"ListItem","position":1,"name":"Wines","item":"https://www.konradoberhofer.com/de/wines/"},{"@type":"ListItem","position":2,"name":"Sauvignon"}]},{"@type":"WebSite","@id":"https://www.konradoberhofer.com/de/#website","url":"https://www.konradoberhofer.com/de/","name":"Konrad Oberhofer","description":"","publisher":{"@id":"https://www.konradoberhofer.com/de/#organization"},"potentialAction":[{"@type":"SearchAction","target":{"@type":"EntryPoint","urlTemplate":"https://www.konradoberhofer.com/de/?s={search_term_string}"},"query-input":{"@type":"PropertyValueSpecification","valueRequired":true,"valueName":"search_term_string"}}],"inLanguage":"de"},{"@type":"Organization","@id":"https://www.konradoberhofer.com/de/#organization","name":"Konrad Oberhofer","url":"https://www.konradoberhofer.com/de/","logo":{"@type":"ImageObject","inLanguage":"de","@id":"https://www.konradoberhofer.com/de/#/schema/logo/image/","url":"https://www.konradoberhofer.com/wp-content/uploads/2021/05/home-section-1.png","contentUrl":"https://www.konradoberhofer.com/wp-content/uploads/2021/05/home-section-1.png","width":1920,"height":1000,"caption":"Konrad Oberhofer"},"image":{"@id":"https://www.konradoberhofer.com/de/#/schema/logo/image/"}}]}</script>
<!-- / Yoast SEO plugin. -->

In der Farbe blassgelb mit leicht grünlichen Reflexen. Dieser Sauvignon präsentiert sich mit Aromen von Stachelbeeren und Cassis, mit einem Hauch von Holunderblüte, Brennessel und Feuerstein. Die fruchtigen und blumigen Aromen entfalten sich am Gaumen und harmonieren mit dem frischen Charakter und der ausgewogenen Säure dieses Sauvignons.
